) = m**3 + 9*m**2 - 52*m - 33. Calculate h(-13).
-33
Let z(d) = -2*d**3 - 61*d**2 - 26*d + 119. Determine z(-30).
-1
Let g(x) = -x**2 + 40*x - 185. What is g(32)?
71
Let y(l) = -638*l + 4522. Calculate y(7).
56
Let c(o) = -4*o**3 - 7*o**2 - 2*o + 11. Determine c(3).
-166
Let l(f) = f**3 - 35*f**2 + 38*f - 165. What is l(34)?
-29
Let p(h) = -2*h**2 + 85*h - 271. Determine p(40).
-71
Let s(v) = v**3 + 7*v**2 - 13*v + 5. What is s(1)?
0
Let v(d) = d**2 + 51*d + 609. Give v(-18).
15
Let s(n) = -329*n + 10194. What is s(31)?
-5
Let n(k) = 3*k + 394. What is n(12)?
430
Let d(q) = -21*q**2 + 148*q - 225. Determine d(2).
-13
Let n(f) = 69*f - 76. Give n(1).
-7
Let m(u) = -414*u - 116. Calculate m(0).
-116
Let l(a) = -2*a**3 - 20*a**2 - 536*a - 5396. Calculate l(-10).
-36
Let h(n) = n**3 - 19*n**2 + 88*n - 1279. What is h(18)?
-19
Let b(a) = -3*a**2 + 10*a + 47. Determine b(-3).
-10
Let u(d) = 3267*d - 13104. Give u(4).
-36
Let h(y) = -22*y + 1054. Give h(48).
-2
Let p(z) = z**2 - 57*z + 315. Calculate p(5).
55
Let j(f) = -4*f**2 + 16*f + 171. Calculate j(13).
-297
Let p(a) = 4*a**2 + 6*a + 6. Calculate p(-2).
10
Let x(u) = -127*u + 764. What is x(6)?
2
Let g(l) = 5055*l - 25279. Calculate g(5).
-4
Let x(y) = -y**3 - 7*y**2 + 16*y - 27. Determine x(-8).
-91
Let r(c) = c**3 + 35*c**2 - 2*c - 175. Give r(-35).
-105
Let j(p) = 1819*p - 3. What is j(0)?
-3
Let a(j) = 7*j - 205. What is a(19)?
-72
Let j(b) = 6*b**3 - 2*b**2 + 5*b - 5. Determine j(2).
45
Let o(f) = -631*f - 1261. Give o(-2).
1
Let x(h) = -h**3 - 10*h**2 + 14*h + 12. What is x(-11)?
-21
Let y(m) = -9*m**3 - 54*m**2 + 12*m + 72. Determine y(-6).
0
Let l(w) = -w**3 - 7*w**2 - 7*w - 12. What is l(-6)?
-6
Let d(f) = 2*f**3 + 34*f**2 - 8*f + 10. What is d(-18)?
-494
Let u(l) = -l**2 - 35*l + 13. Calculate u(-35).
13
Let i(m) = -m**3 + 28*m**2 - 58*m + 830. Calculate i(27).
-7
Let q(z) = z**3 + 93*z**2 + 834*z + 352. What is q(-83)?
20
Let b(c) = -28*c - 2442. What is b(-83)?
-118
Let f(z) = -1017*z - 6110. Give f(-6).
-8
Let y(q) = -2*q**2 - 9*q - 81. Give y(-6).
-99
Let i(f) = 3*f + 2. What is i(-1)?
-1
Let c(k) = -23*k**2 + 519*k - 285. Calculate c(22).
1
Let m(o) = 2*o**2 - 89*o - 18. Calculate m(43).
-147
Let o(b) = 2*b**3 + 46*b**2 + 19*b - 554. Give o(-22).
-4
Let h(u) = -1379*u + 12379. What is h(9)?
-32
Let l(x) = x**3 + 14*x**2 - 120*x + 26. Calculate l(-20).
26
Let n(s) = s**3 + 207*s**2 + 349*s - 12499. Give n(-205).
6
Let q(o) = 16*o**2 + 2300*o - 597. What is q(-144)?
-21
Let k(o) = 10*o**2 - 40*o + 14. Give k(8).
334
Let k(j) = 45*j - 2041. Give k(44).
-61
Let p(r) = 2120*r - 12744. Determine p(6).
-24
Let u(f) = 2*f**3 - 119*f**2 + 71*f - 717. Calculate u(59).
-9
Let y(s) = -169*s + 5702. Give y(35).
-213
Let x(z) = -2*z**3 + 59*z**2 - 114*z - 1. Give x(2).
-9
Let k(y) = 26*y - 205. Calculate k(8).
3
Let z(p) = -62*p - 525. What is z(-7)?
-91
Let b(w) = 3*w**2 - 188*w - 53. Give b(63).
10
Let y(a) = -a**3 - 16*a**2 - 7*a + 18. Give y(-16).
130
Let m(k) = -90*k + 13149. Calculate m(146).
9
Let n(m) = -2*m**3 + 86*m**2 - 81*m + 65. What is n(42)?
191
Let k(l) = 21*l - 196. Determine k(20).
224
Let a(h) = -3*h**3 - 11*h**2 + 10*h - 57. Give a(-5).
-7
Let s(o) = 2*o**3 + o**2 + 17*o + 44. Give s(-3).
-52
Let p(z) = -247*z + 8644. Calculate p(35).
-1
Let x(u) = 2236*u + 33489. What is x(-15)?
-51
Let m(o) = o**3 - 23*o**2 - 139*o + 1598. Give m(26).
12
Let z(g) = 65*g**2 - 3382*g + 68. Give z(52).
-36
Let f(x) = -x**2 - 181*x + 897. Give f(5).
-33
Let r(h) = -104*h + 691. Calculate r(7).
-37
Let w(i) = -3*i**2 - 6*i + 96. What is w(10)?
-264
Let m(c) = -c**3 - 5*c**2 - 650*c - 4641. Determine m(-7).
7
Let b(r) = -r**2 + 87*r + 1199. Calculate b(99).
11
Let z(l) = 5*l**2 + 16*l - 245. Calculate z(7).
112
Let x(j) = 26*j - 57. Calculate x(-13).
-395
Let h(x) = 17*x**2 - 49*x - 340. Give h(-6).
566
Let g(o) = -8339*o - 41695. What is g(-5)?
0
Let w(a) = a**3 - 33*a**2 - 66*a - 42. Calculate w(35).
98
Let b(v) = v**2 + 48*v - 201. Give b(-51).
-48
Let j(n) = 43*n + 276. What is j(-6)?
18
Let b(g) = 17*g + 501. Give b(-33).
-60
Let q(b) = -b**3 + b**2 + 33*b - 480. Give q(0).
-480
Let f(x) = -x**3 + 43*x**2 + 42*x + 102. Determine f(44).
14
Let f(b) = b**3 - 21*b**2 - 152*b + 62. Calculate f(27).
332
Let b(x) = -x**3 + 5*x**2 - 73*x + 474. Calculate b(6).
0
Let t(w) = -26*w - 261. What is t(-10)?
-1
Let n(h) = -11*h + 216. Determine n(3).
183
Let w(t) = -1474*t - 76647. What is w(-52)?
1
Let j(b) = -b**3 - 49*b**2 - 141*b - 70. What is j(-46)?
68
Let o(r) = -1996*r + 9986. Give o(5).
6
Let b(f) = -3*f**2 + 34*f + 93. Give b(-3).
-36
Let q(p) = -2*p**3 + 18*p - 28. Calculate q(2).
-8
Let k(i) = -185*i - 3940. Determine k(-22).
130
Let h(y) = y**3 + 6*y**2 - 50*y - 7. Determine h(-11).
-62
Let x(q) = 6*q**2 - 138*q - 456. Give x(26).
12
Let x(o) = -5*o**2 + 30*o - 8. Determine x(5).
17
Let q(k) = 77*k - 28. Determine q(0).
-28
Let n(h) = -2*h + 134. Calculate n(-31).
196
Let c(m) = -m**3 + 43*m**2 - 198*m + 304. What is c(38)?
0
Let v(l) = 431*l - 1279. Determine v(3).
14
Let i(d) = -d**3 + 20*d**2 - 74*d + 26. Give i(12).
290
Let t(l) = 5*l**2 - 6*l - 3. Determine t(-6).
213
Let z(r) = r**3 - 8*r**2 - 146*r + 1221. Calculate z(9).
-12
Let n(x) = 3*x**2 + 101*x - 26. What is n(-28)?
-502
Let z(x) = 4*x**2 - 25*x + 52. Give z(11).
261
Let l(u) = 13*u**3 + 130*u**2 + 13*u + 132. Calculate l(-10).
2
Let i(s) = -8195*s - 32778. What is i(-4)?
2
Let d(s) = -12*s - 511. Calculate d(-43).
5
Let f(o) = -2*o**2 + 61*o - 15. What is f(27)?
174
Let x(c) = -c**2 - 37*c + 805. Give x(-53).
-43
Let q(u) = u**3 - 12*u**2 - u + 21. Determine q(11).
-111
Let t(h) = -3*h**2 + 21*h + 66. What is t(-4)?
-66
Let o(p) = 29906*p - 149531. Give o(5).
-1
Let t(s) = -7*s**2 - 15*s + 27. What is t(6)?
-315
Let g(a) = -82*a**2 + 815*a + 11. What is g(10)?
-39
Let s(o) = 3*o**2 - 74*o - 297. Give s(28).
-17
Let p(f) = -87*f**2 + 2524*f - 58. What is p(29)?
-29
Let j(q) = -216*q - 1746. Give j(-8).
-18
Let l(t) = 49*t - 807. Give l(18).
75
Let j(t) = -t**2 + 145*t + 594. Give j(-4).
-2
Let g(c) = -2*c**3 + 21*c**2 - 16*c - 14. Calculate g(9).
85
Let w(u) = u**3 + 14*u**2 + 13*u + 40. Determine w(-13).
40
Let y(n) = -2*n**2 - 68*n - 269. What is y(-28)?
67
Let c(t) = 14*t + 1095. Determine c(-48).
423
Let k(i) = i**2 + 453*i + 25862. Determine k(-67).
0
Let b(l) = -49*l**2 - 299*l - 13. Calculate b(-6).
17
Let n(v) = 2*v**2 + 47*v - 1107. Give n(-38).
-5
Let d(p) = -8*p + 141. Calculate d(14).
29
Let t(l) = l**3 + 123*l**2 + 386*l + 3125. Determine t(-120).
5
Let i(k) = k**3 - 22*k**2 + 21*k - 50. What is i(21)?
-50
Let i(s) = -27*s + 17. Calculate i(-7).
206
Let z(o) = o**3 - 88*o**2 - 4467*o + 378. Calculate z(124).
6
Let q(k) = 5*k**2 - 125*k + 46. What is q(25)?
46
Let n(a) = -15*a - 336. Calculate n(-21).
-21
Let r(b) = b**3 + 37*b**2 + 272*b + 6. Determine r(-10).
-14
Let b(v) = -4*v**2 - 47*v - 159. Give b(-3).
-54
Let m(i) = 2*i**2 + 2701*i - 46483. Determine m(17).
12
Let g(n) = 3*n**3 - 2*n**2 + 4*n - 11. Calculate g(3).
64
Let m(f) = -f**3 + 55*f**2 - 9*f + 43. What is m(55)?
-452
Let l(y) = 9*y**2 - 62*y - 1553. Determine l(17).
-6
Let c(p) = -p**3 + 23*p**2 - 196*p + 1138. What is c(15)?
-2
Let s(x) = -x**2 - 540*x + 4412. Calculate s(8).
28
Let u(b) = -b**3 - 13*b**2 - 50*b - 17. Calculate u(-7).
39
Let o(z) = 11*z**2 + 83*z - 30. Calculate o(-8).
10
Let j(a) = 4*a**2 - 57*a - 73. What is j(14)?
-87
Let g(h) = -4*h + 99. What is g(10)?
59
Let o(r) = -r**2 - 947*r + 142434. Calculate o(132).
6
Let g(n) = n**3 + 5*n**2 + n + 9. Calculate g(-3).
24
Let b(r) = -5*r**3 + 220*r**2 - 4*r + 181. Give b(44).
5
Let y(i) = -7*i**3 - 27*i**2 - 12*i - 51. Determine y(-4).
13
Let l(g) = -8*g**2 - 267*g - 82. What is l(-33)?
17
Let o(c) = 9*c**2 + 26*c + 106. What is o(-8)?
474
Let m(s) = 61*s**3 + 2*s**2 + 2*s. Calculate m(-1).
-61
Let a(w) = -10*w**2 - 52*w - 53. Calculate a(-1).
-11
Let o(p) = -2*p**2 - 114*p + 2715. Determine o(-75).
15
Let f(l) = -4*l**2 - 19*l - 95. What is f(-5)?
-100
Let u(g) = -289*g + 2884. Give u(10).
-6
Let z(f) = -17*f - 417. Determine z(-27).
42
Let i(q) = -7*q + 8. What is i(0)?
8
Let k(m) = -3*m**2 - 53*m - 93. Determine k(-2).
1
Let x(z) = -z**3 + 20*z**2 - 32*z - 23. Calculate x(17).
30